{"id":11,"date":"2022-05-17T16:24:56","date_gmt":"2022-05-17T16:24:56","guid":{"rendered":"https:\/\/psychotherapie-bleeker.de\/?page_id=11"},"modified":"2024-07-16T06:55:54","modified_gmt":"2024-07-16T06:55:54","slug":"vita","status":"publish","type":"page","link":"https:\/\/psychotherapie-bleeker.de\/?page_id=11","title":{"rendered":"Vita"},"content":{"rendered":"\n<p>Ich bin 1983 in Hannover geboren. Ich habe von 2003 bis 2009 an der Medizinischen Hochschule Hannover Medizin studiert. Von 2009 bis 2016 habe ich zun\u00e4chst als An\u00e4sthesistin und Not\u00e4rztin gearbeitet und den entsprechenden Facharzttitel erworben. <\/p>\n\n\n\n<p>Seit 2016 bin ich in der Psychosomatik t\u00e4tig. Ich habe 2016 bis 2019 im Asklepios Fachklinikum Tiefenbrunn gearbeitet. Von 2019 bis 2022 habe ich in der Paracelsus Roswithaklinik in Bad Gandersheim gearbeitet, zuletzt als Leitende Ober\u00e4rztin.<\/p>\n\n\n\n<p>Seit dem 01.07.2022 bin ich in meiner eigenen psychotherapeutischen Praxis in der G\u00f6ttinger Innenstadt t\u00e4tig.<\/p>\n\n\n\n<p>Ich bin Mitglied in zwei Qualit\u00e4tszirkeln, einer davon mit dem Schwerpunkt der Psychotraumatherapie. Zudem bin ich, nach entsprechender Fortbildung, von der \u00c4rztekammer als Qualit\u00e4tszirkelmoderatorin anerkannt.<\/p>\n\n\n\n<p>Weiterhin erg\u00e4nze ich meine Supervisionskompetenzen seit Oktober 2023 mit einer  verhaltenstherapeutischen Supervisionsausbildung am IFKV in Bad D\u00fcrkheim und bin inzwischen von Nieders\u00e4chsischen Psychotherapeutenkammer f\u00fcr die neue Psychotherapieausbildung als Supervisorin anerkannt.<\/p>\n","protected":false},"excerpt":{"rendered":"<p>Ich bin 1983 in Hannover geboren. Ich habe von 2003 bis 2009 an der Medizinischen Hochschule Hannover Medizin studiert. Von 2009 bis 2016 habe ich zun\u00e4chst als An\u00e4sthesistin und Not\u00e4rztin gearbeitet und den entsprechenden Facharzttitel erworben. Seit 2016 bin ich in der Psychosomatik t\u00e4tig. Ich habe 2016 bis 2019 im Asklepios Fachklinikum Tiefenbrunn gearbeitet. Von [&hellip;]<\/p>\n","protected":false},"author":2,"featured_media":0,"parent":0,"menu_order":0,"comment_status":"closed","ping_status":"closed","template":"","meta":{"footnotes":""},"class_list":["post-11","page","type-page","status-publish","hentry"],"_links":{"self":[{"href":"https:\/\/psychotherapie-bleeker.de\/index.php?rest_route=\/wp\/v2\/pages\/11","targetHints":{"allow":["GET"]}}],"collection":[{"href":"https:\/\/psychotherapie-bleeker.de\/index.php?rest_route=\/wp\/v2\/pages"}],"about":[{"href":"https:\/\/psychotherapie-bleeker.de\/index.php?rest_route=\/wp\/v2\/types\/page"}],"author":[{"embeddable":true,"href":"https:\/\/psychotherapie-bleeker.de\/index.php?rest_route=\/wp\/v2\/users\/2"}],"replies":[{"embeddable":true,"href":"https:\/\/psychotherapie-bleeker.de\/index.php?rest_route=%2Fwp%2Fv2%2Fcomments&post=11"}],"version-history":[{"count":7,"href":"https:\/\/psychotherapie-bleeker.de\/index.php?rest_route=\/wp\/v2\/pages\/11\/revisions"}],"predecessor-version":[{"id":156,"href":"https:\/\/psychotherapie-bleeker.de\/index.php?rest_route=\/wp\/v2\/pages\/11\/revisions\/156"}],"wp:attachment":[{"href":"https:\/\/psychotherapie-bleeker.de\/index.php?rest_route=%2Fwp%2Fv2%2Fmedia&parent=11"}],"curies":[{"name":"wp","href":"https:\/\/api.w.org\/{rel}","templated":true}]}}